{"id":2,"date":"2016-05-10T03:48:21","date_gmt":"2016-05-10T03:48:21","guid":{"rendered":"http:\/\/kirayaverkirala.com\/?page_id=2"},"modified":"2022-04-28T16:17:54","modified_gmt":"2022-04-28T13:17:54","slug":"sample-page","status":"publish","type":"page","link":"https:\/\/www.akkushali.com\/?page_id=2","title":{"rendered":"\u0130leti\u015fim"},"content":{"rendered":"<p>Akku\u015f Hal\u0131c\u0131l\u0131k<br \/>Ticaret ve Sanayi Limited \u015eirketi<\/p>\n<p>Sedir Mahallesi Gazi Bulvar\u0131 No: 80\/C Muratpa\u015fa\/Antalya<br \/>Tel: +90 242 346 54 64<\/p>\n<p>Ant Kurumlar V.D. No: 031 006 1582<br \/>Mersis No: 0031006158200017<br \/>Tic. Sic. No. 24693<\/p>\n<p>\u00a0<\/p>\n\n\n<p><\/p>\n","protected":false},"excerpt":{"rendered":"<p>Akku\u015f Hal\u0131c\u0131l\u0131kTicaret ve Sanayi Limited \u015eirketi Sedir Mahallesi Gazi Bulvar\u0131 No: 80\/C Muratpa\u015fa\/AntalyaTel: +90 242 346 54 64 Ant Kurumlar V.D. No: 031 006 1582Mersis No: 0031006158200017Tic. Sic. No. 24693 \u00a0<\/p>\n","protected":false},"author":8,"featured_media":0,"parent":0,"menu_order":0,"comment_status":"closed","ping_status":"open","template":"","meta":{"advanced_seo_description":"","jetpack_seo_html_title":"","jetpack_seo_noindex":false,"footnotes":""},"class_list":["post-2","page","type-page","status-publish","hentry"],"jetpack_sharing_enabled":true,"jetpack_shortlink":"https:\/\/wp.me\/PbXkbX-2","_links":{"self":[{"href":"https:\/\/www.akkushali.com\/index.php?rest_route=\/wp\/v2\/pages\/2","targetHints":{"allow":["GET"]}}],"collection":[{"href":"https:\/\/www.akkushali.com\/index.php?rest_route=\/wp\/v2\/pages"}],"about":[{"href":"https:\/\/www.akkushali.com\/index.php?rest_route=\/wp\/v2\/types\/page"}],"author":[{"embeddable":true,"href":"https:\/\/www.akkushali.com\/index.php?rest_route=\/wp\/v2\/users\/8"}],"replies":[{"embeddable":true,"href":"https:\/\/www.akkushali.com\/index.php?rest_route=%2Fwp%2Fv2%2Fcomments&post=2"}],"version-history":[{"count":2,"href":"https:\/\/www.akkushali.com\/index.php?rest_route=\/wp\/v2\/pages\/2\/revisions"}],"predecessor-version":[{"id":384,"href":"https:\/\/www.akkushali.com\/index.php?rest_route=\/wp\/v2\/pages\/2\/revisions\/384"}],"wp:attachment":[{"href":"https:\/\/www.akkushali.com\/index.php?rest_route=%2Fwp%2Fv2%2Fmedia&parent=2"}],"curies":[{"name":"wp","href":"https:\/\/api.w.org\/{rel}","templated":true}]}}